or of o and 16?
16
Suppose -5*j - 15 = 6*a - a, -5*a - 10 = 4*j. What is the greatest common factor of 2 and a?
2
Let o = 18 - 13. Calculate the greatest common factor of 55 and o.
5
Let z be ((-3)/(-6))/(1/150). Let r = -14 + z. Suppose -5*v = -r - 189. Calculate the greatest common factor of 10 and v.
10
Let w be 1102/133 - (-2)/(-7). Let r(y) be the first derivative of y**3/3 - 5*y**2/2 - 2*y + 1. Let l be r(w). Calculate the highest common divisor of 11 and l.
11
Suppose 0 = -5*g - 59 + 269. Calculate the highest common divisor of 6 and g.
6
Let y = 39 + -35. Calculate the highest common divisor of 20 and y.
4
Let q be (-24)/(-9) - 3 - (-40)/3. Calculate the greatest common divisor of q and 169.
13
Let f(g) = 2*g + 45. Let i be f(15). Calculate the greatest common factor of 25 and i.
25
Suppose 2*k = -3*k. Suppose 4*b + b - 65 = k. What is the highest common factor of 143 and b?
13
Suppose -49 = -2*n + 17. Calculate the greatest common divisor of n and 3.
3
Suppose -6*h + 4*h = 5*m - 73, m - 14 = -h. Calculate the highest common divisor of m and 75.
15
Let j be 34/9 + 4/18. Suppose p + 3 = 1, u - j*p = 106. Suppose 7 = 2*x + 2*f - 29, 0 = 3*f - 12. Calculate the highest common factor of x and u.
14
Let c = -312 - -554. What is the greatest common factor of c and 22?
22
Let t = 11 + -3. Calculate the highest common divisor of 8 and t.
8
Let a = 0 + 0. Let o be (3 + -1)*1 + a. Let q(d) = -d**2 + 18*d - 15. Let u be q(17). Calculate the greatest common factor of u and o.
2
Let v(y) = -y**3 + y**2 + 2*y - 1. Let u be v(-2). Let r = -5 + u. What is the greatest common divisor of r and 16?
2
Let m = -2 + 7. Suppose m*a + 48 = a. Let w = a - -19. Calculate the greatest common factor of 28 and w.
7
Let o be 4 + (-4*1)/(-4). Suppose -2*x + 212 = -o*n, x - n - 128 = -4*n. Calculate the highest common divisor of 29 and x.
29
Let k = -13 + 21. Calculate the greatest common divisor of k and 16.
8
Let n be 2/5 + 56/10. Let k(z) = 11*z + 2. Let i be k(-2). Let f be (i/n)/(3/(-18)). What is the highest common divisor of 50 and f?
10
Let q(f) = -f**2 - 8*f. Let t be q(-7). Let z = t + -5. What is the greatest common factor of z and 22?
2
Let v be 4/22 + 20/11. Suppose -b + 2*n + 9 = 0, -v*n = -4*b - 7*n + 10. Suppose 40 = 4*p - 2*p. Calculate the highest common divisor of b and p.
5
Suppose -3*h + 21 = -15. Let t(u) = 19*u**2 - 1. Let d be t(-1). Calculate the greatest common divisor of d and h.
6
Suppose 4*l + l = -175. Let c = l - -65. Calculate the greatest common divisor of 30 and c.
30
Suppose 6 = x + 2*s, -4*s = 7*x - 3*x - 24. Calculate the highest common divisor of 48 and x.
6
Let i = 9 - 0. Calculate the highest common factor of i and 99.
9
Suppose j = -j + 20. Suppose 0*s - 5*s - 95 = -5*r, r - j = -2*s. Let u(c) = 8*c. Let h be u(3). Calculate the highest common divisor of h and r.
8
Suppose -h + m + 2*m = -15, 12 = 4*m. Calculate the highest common divisor of 72 and h.
24
Let y = 1 + -5. Let q be 1/y + 26/8. Let a(k) = -k**3 - 2*k**2 - 5*k - 3. Let l be a(-3). What is the greatest common factor of q and l?
3
Let o = 25 - 13. Suppose -4 = 2*g - o. Suppose -1 + g = b, 4*b + 21 = 3*k. Calculate the greatest common factor of 77 and k.
11
Suppose -4 = -2*c + 2. Suppose -17 = -4*o - 7*l + 4*l, c*o + 5*l + 1 = 0. Let z = 13 - 9. Calculate the highest common factor of z and o.
4
Let s be (-1)/(-2)*(1 - -3). Suppose 7*u = s*u + 10. Suppose 5*k + 4*c - 12 = 0, 0*c + u*c = -5*k + 16. Calculate the highest common divisor of 1 and k.
1
Let k be (-24)/(-7)*14*1. Suppose 0 = -u + 3*u - k. Let h = -16 + 32. Calculate the greatest common divisor of u and h.
8
Let r(p) = 0 + 3*p - p**2 + 6 + 1 + p**3 - 4*p**2. Let v be r(5). What is the highest common divisor of v and 2?
2
Let b(n) = 25*n**2 - 4*n + 2. Let k be b(1). What is the greatest common factor of 92 and k?
23
Let r be (-6)/21 + 3160/35. Suppose r + 190 = 5*h. Calculate the highest common factor of h and 8.
8
Let k(d) = -d**2 + 17*d + 14. Let j be k(11). What is the highest common factor of j and 10?
10
Suppose -30*v - 174 + 624 = 0. Suppose 4 - 29 = 5*u, -y = 4*u - 115. Calculate the highest common divisor of v and y.
15
Let x = 13 - 7. Let n(r) = 7*r - 1 + 0*r + 3. Let t be n(4). What is the greatest common factor of t and x?
6
Let k be (0 + -6 + 2)*-2. What is the greatest common factor of k and 8?
8
Suppose 5*f + 28 = 4*s, 3*s = f + 3*f + 22. Suppose s*l + 3*l - 140 = 0. Calculate the highest common divisor of 7 and l.
7
Suppose -5*c = -4*c - 25. Calculate the greatest common divisor of 5 and c.
5
Suppose -3*h = -117 + 30. Let a = -20 + h. Suppose 2*s = 3*o + 51, 3*o - 77 = -3*s + 7*o. Calculate the highest common divisor of a and s.
9
Let c be 2/(-1*1/(-2)). Suppose -3*m + 28 = m. Suppose -c*o - 18 = -m*o. Calculate the highest common factor of 30 and o.
6
Let y be ((-4)/(-6))/((-4)/(-6)). Let n = y + 5. Suppose 0 = 5*d - n - 29. Calculate the greatest common divisor of d and 14.
7
Let t = -4 + 6. Calculate the highest common divisor of t and 10.
2
Let v(c) = -79*c - 7. Let u be v(-3). Calculate the greatest common factor of 23 and u.
23
Let v = -94 + 98. Calculate the greatest common factor of v and 44.
4
Let o = -3 - -7. Suppose -a = 2*u - 41 + 3, o*a - 50 = -2*u. What is the greatest common factor of 85 and u?
17
Let t = 130 + -60. What is the highest common divisor of t and 14?
14
Let x = 64 + -34. Let q be (1*21)/(2/6). Suppose -r = -5*f - 0*r + q, -r - 51 = -4*f. Calculate the highest common factor of f and x.
6
Suppose -8*b + 12 = -4*b. Let w(g) = g**2 - 3*g - 3. Let k be w(b). Let p be k - -25 - (1 - 0). What is the highest common factor of 7 and p?
7
Let r(i) = 17*i**2 + 1. Let s be r(-1). What is the highest common divisor of 9 and s?
9
Let a be 1*(1 - (-7 - -2)). Suppose -a*r = -2*r - 12. Suppose -r*x - 28 = -76. What is the highest common divisor of 24 and x?
8
Let z(k) be the third derivative of k**6/120 + k**5/60 + k**4/24 + 13*k**3/6 - 2*k**2. Let g be z(0). What is the highest common factor of g and 91?
13
Suppose 3*w - w = 4. Suppose w*y + y = 90. What is the highest common divisor of 75 and y?
15
Suppose -3*g - j = -0 - 9, 3*j + 29 = 5*g. Suppose 2*b = -3*c + 34 + 9, 0 = g*b + 4. Let x = -236 - -341. What is the highest common factor of c and x?
15
Suppose 0 = v - 127 + 52. What is the highest common divisor of v and 50?
25
Let r(w) = w**3 + 6*w**2 - 9*w - 5. Let i be r(-7). Let q(v) = v - 5. Let a be q(i). Calculate the highest common divisor of 44 and a.
4
Suppose -7*f + 4*f = -4*a - 348, a = 3*f - 339. What is the greatest common factor of f and 42?
14
Let h be 25 + (-5 - (-3 + 2)). What is the greatest common factor of 168 and h?
21
Suppose 5*b - 45 = -0*b. Let z = 0 + 3. Let q be -4*z*(-6)/b. What is the greatest common factor of q and 2?
2
Let n(d) = 10*d - 13. Let j be n(9). What is the highest common factor of 11 and j?
11
Let l(p) = p + 5. Let m be l(11). What is the greatest common divisor of 2 and m?
2
Let a(c) = -c**2 - 7*c - 5. Let v be a(-7). Suppose 4*r - 5*n - 3332 = -3*n, 3*r + n = 2494. Let p be r/20 - 2/v. What is the highest common factor of 14 and p?
14
Suppose 0 = 3*t - 4*c - 324, -5*c + 540 = 2*t + 3*t. Suppose 0 = 4*o + 4*n - 84, 39 = o + 2*o - 5*n. Calculate the greatest common factor of o and t.
18
Suppose -3*n + 8*n + 15 = 0. Let l be (-26)/(n + (2 - 1)). What is the highest common divisor of l and 91?
13
Let g(b) = -b**2 + 7*b - 7. Let k be g(5). Suppose k*s - 200 - 64 = 0. Calculate the highest common divisor of 8 and s.
8
Let i(g) = -g**2 - 20*g - 4. Let t be i(-16). Let a(k) = k**3 + k**2 - k - 3. Let f be a(3). What is the greatest common factor of f and t?
30
Let v be (-432)/30*(-20)/(-6). Let f = v + 120. What is the greatest common divisor of 24 and f?
24
Let t = 1 - -27. Calculate the highest common divisor of t and 140.
28
Suppose d + 16 = -5*j, 4*j = -18 - 2. What is the highest common factor of d and 6?
3
Let x(r) = -1. Let t(b) = 104*b + 5. Let m(w) = -t(w) - 6*x(w). Let y be m(-1). Calculate the highest common divisor of y and 15.
15
Let h(d) = -d**3 - d**2 - 7. Let k be h(-3). What is the highest common factor of 33 and k?
11
Suppose 5*r - 5*z + z - 19 = 0, -z = 1. What is the highest common divisor of r and 3?
3
Let y = -46 + 65. What 